inder when y/(21/(-6)) + 13 is divided by d?
5
Let m = 95 - 62. Calculate the remainder when m is divided by 7.
5
Let r = -21 - -36. What is the remainder when ((2/1)/(-6))/(3/(-531)) is divided by r?
14
Calculate the remainder when 49 is divided by (0 - 1)*(7 + -24).
15
Let z(g) = -2*g + 3. Let l be z(3). Let m be (-1)/((-2)/4) + l. Calculate the remainder when (1 - m) + 2 + 1 is divided by 3.
2
Let w(g) = -10*g. Let v be 13/(-2) + (-2)/(-4). Let h = 13 + v. What is the remainder when w(-2) is divided by h?
6
Let h = -103 - -184. What is the remainder when h is divided by 14?
11
Let g be 248/(-14) + 8/(-28). Let i = 40 + g. Calculate the remainder when i is divided by 12.
10
Let n = -8 + -4. Suppose -142 - 29 = 5*m + 4*d, 108 = -4*m + 4*d. Let x = n - m. What is the remainder when 56 is divided by x?
18
Suppose 0 = -3*d - 4*n + 93 + 15, -2*d + 2*n + 58 = 0. Let p = d - 17. Calculate the remainder when 760/18 - (-4)/(-18) is divided by p.
12
Let z(d) = 18*d**2 - 1. Calculate the remainder when z(-1) is divided by 7.
3
Suppose -3*q = -38 - 55. What is the remainder when q is divided by 12?
7
Suppose -u + 9 - 7 = 0. Suppose -3*k = u - 38. What is the remainder when 45 is divided by k?
9
Suppose 4*o = 2*j + 7*o - 41, 5*j - o = 60. Let f(u) = u**2 - u + 3. What is the remainder when j is divided by f(0)?
1
Suppose -21*l = -14*l - 238. What is the remainder when 94 is divided by l?
26
What is the remainder when 71 is divided by 1/5 - (-94)/5?
14
Let n(y) = -2*y - 13. What is the remainder when 52 is divided by n(-12)?
8
Let r = -12 - -54. What is the remainder when r is divided by 11?
9
Let b be (1/(-1))/((-2)/30). Let t = b - -2. Calculate the remainder when t is divided by 6.
5
Let m(u) be the first derivative of -u**4/4 + 5*u**3/3 + 3*u**2/2 - 5*u + 2. What is the remainder when 29 is divided by m(5)?
9
Let k(o) = o + 18. What is the remainder when k(9) is divided by (4/(-3))/(14/(-63))?
3
Let s = -40 + 57. What is the remainder when 150 is divided by s?
14
Suppose 6*v + 25 = v, 3*p = v + 116. Calculate the remainder when p is divided by 19.
18
Let y = 11 + -7. Suppose -3*v + 10 = y. Calculate the remainder when v is divided by (1 - 4)*(-4)/6.
0
Suppose 38 + 127 = 3*o. Let u = 1 + 1. Suppose -22 = -u*m + 5*k, 0*k = 5*m + k - o. Calculate the remainder when 21 is divided by m.
10
Let d(t) be the second derivative of -3*t**3/2 + 7*t**2/2 + t. Let u be (-9)/3 + -1*3. What is the remainder when d(u) is divided by 16?
13
Let u(g) = g**2 + 2. Let x be u(3). Suppose 0 = -5*n + 36 - x. Suppose 0*h - 4 = -2*o + 4*h, n*o - 66 = -4*h. Calculate the remainder when o is divided by 6.
4
Let v(o) = -3 + o**3 + 3 - 8*o**2 + 0*o**3 + o - 3. What is the remainder when v(8) is divided by 3?
2
Let b be 2 + -1 - (-3 + 0). What is the remainder when (-6)/(3 + (-18)/b) is divided by 2?
0
Let a(q) = 3*q**2 - 4*q - 8. Calculate the remainder when 154 is divided by a(-3).
30
Let a(f) = -f - 3. Let j be a(-3). Suppose 6*o - 7*o + 5 = j. What is the remainder when o is divided by 4?
1
Let h(v) = -17*v. Let b(f) = f**3 - f**2 - 5*f + 3. Calculate the remainder when h(-1) is divided by b(3).
5
Suppose 39 = 3*x - 21. Let w = x + -1. Let k(j) = 6*j**2 + 2*j - 1. Calculate the remainder when w is divided by k(1).
5
Suppose 2*l + 2*n = 95 + 5, n = 3*l - 134. Suppose 0 = 4*s + x - l, 0 = -5*s + s + 2*x + 40. What is the remainder when 41 is divided by s?
8
Let r(p) = 2*p**2 + 7*p + 5. Suppose 0*l + 2*n + 4 = l, -5*n - 12 = -2*l. Calculate the remainder when r(l) is divided by (-3)/((-12)/20)*1.
4
Let k = -12 - -17. Suppose -4*g + 2*x + 4 = 0, 3*g - 5 + 15 = -k*x. Let f = g - -9. What is the remainder when 15 is divided by f?
6
Suppose 0 = g - 4*g + 30. Suppose -i + 3*z = -4*i + 21, 0 = 3*i - 3*z - 51. Suppose i = b - 7. Calculate the remainder when b is divided by g.
9
Let p(s) = -s**2 - 10*s - 3. Let g be p(-9). Suppose -4*j - 5*z + 127 = -g, -2*j + 69 = 3*z. What is the remainder when j is divided by 15?
12
Suppose 5*t - 7*t + 14 = 0. Calculate the remainder when 18 is divided by t.
4
Let v = -24 - -31. Calculate the remainder when 10 is divided by v.
3
Let l = 40 + -11. What is the remainder when 56 is divided by l?
27
Let c(a) = -a**2 - 4*a + 1. Suppose 5*o + 0*o = 0. What is the remainder when c(-3) is divided by 6 + (1 + -4 - o)?
1
Let m(l) = l**3 - 14*l**2 - 16*l + 26. Suppose 4*n - 112 = 8. Calculate the remainder when n is divided by m(15).
8
Suppose -5*m - 171 + 816 = 0. Suppose -4*p + m = -p. Suppose -64 = -4*s + 4*v, v + 46 = 5*s - 2*s. What is the remainder when p is divided by s?
13
What is the remainder when 207 is divided by (42/(-28))/((-3)/106)?
48
Suppose 3*c + 0*h + 28 = 2*h, -3*c - 8 = 2*h. Let x = -3 - c. What is the remainder when 4 is divided by x?
1
Let a = -38 + 57. Calculate the remainder when 148 is divided by a.
15
Let w = -9 - -33. What is the remainder when -7*(-11)/(44/40) is divided by w?
22
Suppose -2*z + 3*a - 707 = 2*z, -702 = 4*z + 2*a. Let w(o) = -3*o + 5. Let i be w(5). Calculate the remainder when 33 is divided by z/i - (-6)/(-10).
16
Suppose -3*u + 0 = -15. Let o(g) = -7*g + 3. Let p(a) = 15*a - 5. Let m(y) = -9*o(y) - 4*p(y). Calculate the remainder when m(7) is divided by u.
4
Calculate the remainder when (9/4)/((-5)/(-280 + 0)) is divided by 8.
6
Let o = 10 - 0. Let n = 13 - o. Let k(i) = -i**2 + 6*i - 3. What is the remainder when n is divided by k(5)?
1
Let f(j) = -5*j - 8. What is the remainder when 85 is divided by f(-6)?
19
Let k be (2 + -2 + 1)*163. Suppose -5*y + k = 48. Suppose 6*d - 24 = 4*d. Calculate the remainder when y is divided by d.
11
Let i = -97 + 109. Calculate the remainder when 142 is divided by i.
10
Let z = 29 + 11. Calculate the remainder when z is divided by 14.
12
Let v(c) be the second derivative of -c**4/12 - 2*c**3/3 + 5*c**2/2 + c. Let k be v(-4). Suppose 40 = k*j - 85. Calculate the remainder when 74 is divided by j.
24
Let z(i) = 33*i**2 - i. Let f be z(-1). Suppose -5*h - v = v - 103, 2*h - f = v. Let j = h + -13. Calculate the remainder when 17 is divided by j.
5
Let f = 10 + 0. Suppose 0 = -4*r - 5*j - 13, 5*r + j = -20 - 12. Let w = r + 25. Calculate the remainder when w is divided by f.
8
Let o = -3 + 31. Calculate the remainder when 55 is divided by o.
27
Let w = 156 - 118. What is the remainder when w is divided by 13?
12
Suppose 0 = -2*l - 4*x, 0*l + 3*l = -3*x + 9. Suppose -z = p - l, -5*z + 30 = p - 3*p. What is the remainder when z is divided by 3?
0
Let f(w) = -w + 14. Suppose 2*x - 3*k - 20 = 0, -k + 2 = 5*x - 14. What is the remainder when f(7) is divided by x?
3
Suppose o = -3*c, 3 + 2 = -c. Suppose -f + 8 = f. What is the remainder when (-1)/4 + 113/f is divided by o?
13
Let d(s) be the second derivative of -2*s**2 + 2*s + 1/20*s**5 + 0 + 2/3*s**4 - 5/3*s**3. What is the remainder when 14 is divided by d(-9)?
4
Let y(o) = o**3 + 11*o**2 + 8*o - 6. Calculate the remainder when 38 is divided by y(-10).
10
Suppose 5*h - 2*h = 12. Suppose 0 = -5*y - 2*n + 9, -h*y = -n - 15. What is the remainder when y is divided by 3?
0
Let a = -143 + 155. Calculate the remainder when a is divided by (10/(-6))/((-1)/3).
2
Let o be (8/12)/((-2)/(-15)). Let z be (1 + -2)/(2/(-36)). Suppose -z = 3*g - o*g. What is the remainder when 26 is divided by g?
8
Suppose d + 17 = -v + 118, -3*v = 5*d - 301. Let g = -55 + v. What is the remainder when g is divided by 12?
11
Suppose 0 = 2*g - 8 - 0. Suppose -g*w - 3*v = -131, 0 = -3*w + 5*v + 14 + 48. Calculate the remainder when w is divided by 10.
9
Let s be (-18)/4*4/(-3). Let l = 3 - s. Calculate the remainder when 26 - 6/(l/(-1)) is divided by 13.
11
Suppose 2*t - 5 - 5 = 0. Suppose -t = 2*h - 49. Suppose 6*y - 32 = 2*y. What is the remainder when h is divided by y?
6
Let f(j) = j**2 + 6*j - 6. Let a be f(-6). Let c(o) = -o**2 - 9*o - 4. Suppose 52 = 2*h - 0*h. What is the remainder when h is divided by c(a)?
12
Let r(m) = -m**2 - 6*m - 3. What is the remainder when r(-5) is divided by 2?
0
Suppose -41*q - 125 = -46*q. Let t = 28 + -19. What is the remainder when q is divided by t?
7
Suppose -2*x + 18 = 4*c, 4*c - 5*x - 7 = 4. Let o be 126/(-24) - (-1)/c. Let w(j) = -j**2 - 7*j + 2. What is the remainder when 35 is divided by w(o)?
11
Let n(h) = h**2 + 3*h - 13. 